Let y be n(11). Suppose -y = 2*l - 5*l. Suppose 0 = -t - 0*t + l. Calculate the greatest common factor of 4 and t.
4
Let q(f) = 4*f**2 - f + 3. Let l be q(-6). Suppose 0 = 2*r - 3*v - 25, 2*r = -15*v + 10*v + 49. Calculate the highest common factor of r and l.
17
Let b = -7 - -56. Let k(y) = 3*y**2 + 11*y - 10. Let u be k(-6). Let n = u - 25. Calculate the highest common factor of n and b.
7
Let j be 9694/407 - (-4)/22. What is the highest common factor of j and 162?
6
Let t be 15 + 5*16/20. Let y = t + -13. Calculate the greatest common factor of 42 and y.
6
Let j(f) = -2*f**2 - 26*f - 32. Let b be j(-9). Calculate the highest common divisor of 15 and b.
5
Let v(j) = j**2 + 7*j + 70. Let a be v(-21). What is the greatest common divisor of a and 156?
52
Suppose -35 = -3*n + 79. Calculate the highest common divisor of 38 and n.
38
Let i(r) = 2*r**3 + 34*r**2 + 34*r + 43. Let w be i(-16). Calculate the highest common factor of 2 and w.
1
Let q = 16 + -13. Suppose 99 - 27 = 4*l - q*a, 2*a - 90 = -5*l. What is the greatest common factor of l and 144?
18
Let f be ((-36)/30)/(-1)*(-265)/(-2). Suppose -o = -5*o - q + 187, -3*o + f = -3*q. Calculate the greatest common factor of 6 and o.
6
Suppose -5*i - 11 = -4*f, 0 = 2*f + 2*i - 3 - 7. Let v be 1135/25 - f/10. Calculate the highest common factor of v and 5.
5
Let p = -289 + 443. What is the highest common factor of 198 and p?
22
Suppose 0 = 3*v - 404 - 124. What is the greatest common factor of v and 48?
16
Let r(p) = p**3 + 11*p**2 + 9*p - 9. Suppose -15 - 35 = 5*t. Let f be r(t). Calculate the highest common divisor of f and 9.
1
Suppose -h = -4*x - 39, h - 13 = -5*x - 1. Suppose -2*o + 60 = 4*a, -5*o - 4*a + h = -135. Calculate the highest common divisor of 102 and o.
34
Suppose -2*x - 2*b = -0*x - 18, 0 = -2*x - 3*b + 22. Suppose -p + 86 = -x*c + 21, 2*p + 3*c - 65 = 0. Calculate the highest common factor of 60 and p.
20
Let k(v) = 36*v + 364. Let b be k(-10). What is the greatest common factor of 2056 and b?
4
Let f(y) = -y**3 + 13*y**2 + 5*y - 9. Let j be f(6). What is the greatest common factor of 312 and j?
39
Suppose -30*n = 1917 - 8007. What is the greatest common factor of n and 21?
7
Let u(n) = -4*n**3 - 13 - 17*n + 8*n**2 + 7*n**3 - 2*n**3 + 3*n. Let r be u(-8). Calculate the greatest common divisor of 66 and r.
33
Let g = -24 - -74. Calculate the greatest common divisor of 450 and g.
50
Let b = -3479 + 3494. Let x be (1 - (0 - 0))*165. What is the greatest common factor of x and b?
15
Suppose -63*f - 64 = -65*f. Calculate the highest common divisor of f and 512.
32
Let d(r) = -r**2 - 5*r + 31. Let k be d(-7). What is the greatest common divisor of 697 and k?
17
Let v(t) = t**3 - 2*t**2 - 5*t - 2. Let f = -18 + 22. Let h be v(f). What is the highest common divisor of 2 and h?
2
Let k(n) = 201*n**2 - 4*n - 4. Let p be k(2). What is the highest common factor of 11 and p?
11
Suppose -200 = -24*y + 232. Calculate the highest common factor of 297 and y.
9
Suppose 17*x - 4371 = -4031. Suppose -t + 4 = -0*t. Calculate the greatest common divisor of x and t.
4
Suppose 12*y - 7*y - 3*r = 5324, 0 = -y + 3*r + 1060. Calculate the greatest common factor of y and 13.
13
Suppose 0 = -5*f + 5*l + 195, -f + 0*f + 38 = -2*l. Let o = f - 13. Calculate the greatest common divisor of 18 and o.
9
Let n(o) = 7*o**2 - o - 1. Let w be n(-1). Suppose w*h = 2*h + 90. Let g be (-3)/(-15)*-6*-5. Calculate the greatest common divisor of h and g.
6
Suppose -5*d = -3*i - 11730, 11730 = 5*d - 16*i + 14*i. What is the greatest common factor of 46 and d?
46
Let x = -556 + 760. Calculate the highest common factor of x and 60.
12
Suppose 5*s = -0*s - 5*o + 185, -3*s - 2*o = -108. Calculate the greatest common divisor of s and 2.
2
Let m be (33/(-21) - -5)/(2/21). Calculate the highest common divisor of 144 and m.
36
Let u(v) = -45*v**3 + 6*v**2 + 3*v - 7. Let m be u(-2). Calculate the greatest common factor of m and 159.
53
Let n(u) = 11*u**2 + 2*u - 1. Let r be n(-2). Let m be 281 - (6 - (9 + -11)). What is the highest common divisor of r and m?
39
Suppose -4*i - 222*c + 219*c + 1888 = 0, i - 472 = -3*c. What is the highest common divisor of i and 24?
8
Suppose 3*h - h - 52 = 0. Suppose -j + h = 2*p - p, 3*j = 2*p - 62. Suppose -3*u - 4 = -p. What is the highest common divisor of u and 12?
4
Let v = 23 + -17. Let l(y) = 2*y**2 - 11*y + 12. Let w be l(v). Suppose -4*r = c - 40, 4*c + 29 = 2*r + 3*r. Calculate the highest common divisor of r and w.
9
Let l(r) = 19*r**2 + r - 2. Let x be l(1). Suppose -14*t + x*t = 232. What is the greatest common divisor of 29 and t?
29
Suppose -4*f - 8 = -8*f. Suppose 4*h + 2*x - 186 = 0, -f*x = -3*x + 1. What is the highest common factor of 368 and h?
46
Let g = 12 - -102. Suppose 124 = 2*d + w + 3*w, 0 = 5*d + 4*w - 304. Let q = g - d. What is the greatest common divisor of q and 135?
27
Let q be (-2 + 10)*(-8)/(-16) + 5. Let n be -1 - -121 - (4 - 4). Suppose -o + 2*v + 20 = -2*v, 3*o + 3*v = n. What is the greatest common factor of q and o?
9
Suppose 0 = -z + 47. Let w = z + -37. What is the highest common factor of 10 and w?
10
Let j = 1710 - 1039. What is the greatest common factor of j and 33?
11
Suppose 3*n + 5424 = 7*n. Calculate the greatest common factor of 12 and n.
12
Suppose x = -4*x + 200. Let c = x + -5. Suppose -6*v = -1 - 83. Calculate the greatest common factor of c and v.
7
Let c(s) = -s**2 + 6*s - 4. Let v be c(4). Suppose -v*l + 6 = -3*l. Let a be 1/(1 + l/(-8)). Calculate the highest common divisor of a and 4.
4
Suppose -4*f - 6 = 4*k + 2, -2*f = k + 6. Let c = 170 + -165. What is the greatest common factor of c and k?
1
Let v(i) = 2*i**2 - i - 4. Let b be v(-2). Suppose 0 = -5*y - b + 21. Suppose y*z = -5*w - 14, 2*z + w = -w - 4. What is the greatest common factor of 14 and z?
2
Let q = -312 - -326. Calculate the highest common factor of 6 and q.
2
Let k be 4/(4 - 3)*2/4. Suppose -882 = -5*m - q, -m - 524 = -4*m + k*q. What is the highest common divisor of 11 and m?
11
Let j = -244 - -252. Calculate the highest common factor of 568 and j.
8
Let f(a) = -a**3 - 11*a**2 - 25*a + 39. Let v be f(-15). Calculate the highest common divisor of v and 18.
18
Suppose -42*f + 12 = -41*f. Suppose i - 3*i + 8 = 0. Calculate the highest common factor of f and i.
4
Let z be (-22)/33*(-78)/4. Let t = z - 12. Suppose 3*k = 19 - t. Calculate the highest common divisor of k and 36.
6
Let w(s) = -s - 1. Let b be w(3). Let m be 398/5 + b/(-10). Calculate the highest common divisor of m and 16.
16
Let l(c) = -3*c**2 + 79*c + 8. Let p be l(9). What is the greatest common factor of 28 and p?
28
Let x(k) be the third derivative of k**5/60 + k**4/3 - 4*k**3/3 + 13*k**2. Let v be x(-10). Calculate the highest common factor of 30 and v.
6
Let m(a) = -a + 17. Let q be m(12). Suppose w + 1 + 0 = 0. Let s = q - w. Calculate the highest common factor of s and 54.
6
Let z = 82 + -61. Let p be 4361/z + (-2)/(-6). Calculate the greatest common divisor of p and 16.
16
Let c(h) = 11*h - 10. Let s be c(5). Let r = s - 34. Calculate the highest common factor of 88 and r.
11
Suppose -4*s - 8*y = -13*y + 574, s + 147 = 3*y. Let x = s - -167. What is the highest common factor of x and 104?
26
Suppose -12*d - 5 = -125. Let n be (0 - (-2128)/10) + (-8)/d. What is the greatest common divisor of n and 53?
53
Let j(f) = -f**3 - 8*f**2 - 25*f - 22. Let w be j(-4). Calculate the greatest common factor of w and 868.
14
Let v(f) = f**3 + 26*f**2 + 17*f - 68. Let r be v(-25). Let k(t) = t**2 - 18*t - 16. Let b be k(20). What is the highest common divisor of r and b?
12
Let z = 1814 + -1745. What is the highest common divisor of 276 and z?
69
Suppose 4*y + 2*y - 36 = 0. Suppose 2*q = -y*i + 4*i - 46, -95 = 5*q + i. Let m be (-4)/6*q - -1. What is the greatest common divisor of 117 and m?
13
Let d = 171 - 115. Let v = d + -46. What is the greatest common divisor of v and 4?
2
Let k(x) = -2*x**3 - 2*x**2 + 5*x + 7. Let j be k(3). Let p = j - -54. Calculate the greatest common factor of 8 and p.
4
Let j = 73 + -68. Suppose 0 = -4*c + 24 + 40. Let t = c - j. Calculate the greatest common factor of t and 11.
11
Let g(l) = -2*l**3 - 2*l + 5. Let o be g(-3). Let j = -33 + 46. Calculate the greatest common factor of j an